 + -6)?
4
Calculate -6 + (20 - (6 - 3)) + -5.
6
Evaluate (-1 + 12 - (9 + -3)) + -2.
3
-3 + 2 - ((1 - 2) + -4)
4
-6 - -6 - (0 + (2 - -1))
-3
(6 - 3) + 0 + -2
1
What is the value of (2 - -3) + (13 - 11)?
7
Calculate 31 + -27 + (-1 - 1 - 2).
0
What is 0 - 10 - (26 - 37)?
1
What is the value of 21 - 28 - (-3 + 0)?
-4
Evaluate 4 + 2 + (3 - (-2 - -9)).
2
Calculate (34 - 43) + -1 + 18.
8
-17 + 21 + (-4 - 2)
-2
(-3 - -5 - (-5 - -1)) + -8
-2
4 - 7 - -3 - (0 - -2)
-2
Evaluate (-2 - -1) + 8 - 4.
3
Calculate -3 + (-5 + 3 - -6).
1
Calculate (1 - 0) + -3 - (9 + -5).
-6
-4 + 3 + (3 - 7) + 11
6
What is the value of -9 + (-9 + 5 - -7)?
-6
0 + 1 + (0 - 5) + 1
-3
Evaluate -1 - (1 + -4 - -4 - -1).
-3
Evaluate 4 - (2 - -2) - (4 + 1).
-5
Evaluate 2 + 3 + -3 + -3 + 1.
0
Calculate 6 - ((3 - (-6 - -9)) + 2).
4
3 + 1 + (-6 - (-4 + 2))
0
Calculate -1 + -2 + 6 - (69 + -73).
7
Evaluate 2 + -7 + (10 - 1) + -10.
-6
Calculate 1 + -3 - -5 - (1 + 1).
1
What is the value of 3 - -5 - (6 - 2)?
4
Calculate (3 - (-1 + 3 + -2)) + 4.
7
(12 + -7 - (-3 + 2)) + -5
1
What is (3 - 4) + 13 - 8?
4
What is the value of -11 + 10 + -5 - -4?
-2
What is the value of 18 + -13 - (1 - (2 - 1))?
5
Calculate -1 - (4 - 1) - (-1 - 5).
2
What is the value of (1 - 1) + 5 + (-5 - -2)?
2
What is -18 + 23 - (2 - 1 - -2)?
2
Evaluate -10 + (9 - -2) + 7.
8
Evaluate 3 + -3 - (1 + 3 + -3).
-1
What is the value of 1 + 0 - (12 - 6)?
-5
Evaluate -3 - -2 - (-1 - 0).
0
What is the value of (3 - -7) + -18 + 9?
1
What is -1 + (6 - 5) + 7?
7
What is the value of -11 + 13 - -4 - 4?
2
((-7 - 1) + 16 - 13) + 3
-2
What is the value of 5 + 0 + (20 - 32) + -2?
-9
What is -5 + 1 - (-10 + 10)?
-4
Evaluate -4 + 0 - (10 - 9).
-5
What is the value of -1 + 0 - (-40 - -47)?
-8
Calculate -4 - (-4 - 2) - -3.
5
Calculate 8 - (6 + 3 + -4).
3
What is the value of 3 + (-1 - -5 - (16 - 4))?
-5
What is the value of 5 + 1 - (-17 - -20) - -3?
6
What is -14 - (5 + -16) - (2 + -1)?
-4
What is -200 + 185 - (-1 + -6)?
-8
Evaluate (8 - 2) + 6 + -9.
3
What is the value of -4 - -2 - -2 - (-7 - -10)?
-3
Calculate -4 + -5 + 0 + 4.
-5
Calculate -2 + -4 + 9 + 0 + 5.
8
What is the value of (-2 - (0 - (-2 + -2))) + 3?
-3
What is the value of 4 - (-3 - (-10 - (1 - 7)))?
3
-5 + (2 - (-4 + 5)) - -7
3
What is -2 + (3 - -1) + -2 + -5?
-5
-1 - -1 - (8 - 7 - 3)
2
Evaluate 4 + -6 - (2 + 1).
-5
3 + 0 + (2 - (2 + -1))
4
What is the value of 0 + (0 - -8) - 8?
0
-5 + 20 + -13 - (-1 + 8)
-5
What is (-1 - (4 + 2)) + -2 + 6?
-3
Calculate -9 + -3 + 7 - (1 - 2).
-4
What is -1 + 1 + (-3 - (3 - 3))?
-3
Calculate (0 + -4 - -7) + -1 + -7.
-5
Evaluate -1 - (5 - 0) - (1 + -5).
-2
Evaluate (13 + -2 - 3 - 3) + -16.
-11
What is (6 - 5 - -4) + 1?
6
Calculate (13 + -4 - 3) + -5.
1
What is the value of -1 - ((0 - 3) + 0)?
2
Evaluate 2 + -2 + -1 + 3 - -1.
3
Evaluate -3 + 3 - (6 + -11) - 6.
-1
Calculate 2 + (-44 - -28) + (4 - 0).
-10
Evaluate 1 - (0 + (-10 - -4)).
7
Evaluate 5 + -1 + (81 - 91).
-6
2 + 6 + (-9 - 4)
-5
What is the value of (-3 - (-6 + 5)) + (0 - -4)?
2
What is (0 - -2) + -2 - (11 - 15)?
4
What is the value of 8 - (3 + 1) - (3 + 1)?
0
(5 - -2) + -1 + -2
4
What is the value of (2 - (8 - 3)) + 7?
4
Calculate -9 + (2 - (3 - 2)).
-8
9 + -10 + 1 + 5
5
What is the value of 5 - (10 + -5 - -6) - -8?
2
What is -5 - (-21 + 16 + -8)?
8
What is the value of 2 - (1 - 0 - (-41 + 47))?
7
Evaluate -3 + -2 + -7 - -6 - 3.
-9
What is the value of -6 + (-1 - (-5 - 0)) + -3?
-5
What is the value of (0 - 3 - -3) + -2?
-2
What is 7 - (-9 + (-12 - -34))?
-6
What is 0 + -6 + 1 + 1?
-4
3 + -7 - (-8 + 8)
-4
Evaluate -3 - (-17 - -3 - -6).
5
4 + -5 - 3 - (-2 - 7)
5
What is 2 + -2 - (3 - 6) - 3?
0
What is the value of (2 + -4 - -4) + (25 - 29)?
-2
Calculate 7 - 13 - 7 - -15.
2
What is the value of -10 + 5 + -3 + 4 - 3?
-7
Evaluate 9 + -6 + 10 + -2 + -6.
5
5 - 3 - (11 - (1 + 2))
-6
What is the value of 1 - ((-5 - (-3 + 4)) + 4)?
3
What is the value of (-2 - (-7 - (-4 - -2))) + -6?
-3
What is 13 + -9 + -6 + 9?
7
What is (0 - 1) + 7 - (-95 - -95)?
6
-1 + -9 + 200 + -193
-3
What is the value of (-5 + 10 - 4) + 1 + -3?
-1
-13 + (18 - (4 - -4))
-3
Evaluate -10 - (7 + -26 + 8).
1
What is the value of 6 + 5 + 5 + -15?
1
Calculate -11 + 7 + 9 + -1.
4
2 + (3 - 7 - 2)
-4
6 - ((-2 - 2) + 15)
-5
(-3 + 1 - (0 + -9)) + -5
2
Evaluate 13 - (3 - -2) - (0 + 3).
5
Evaluate 3 + -4 + 3 + 0 + -6.
-4
Evaluate -6 + 4 + 1 - 0.
-1
Calculate 3 - (-5 + 12 - 4).
0
Evaluate -3 + 3 - -3 - (-4 - -4).
3
Evaluate -12 + 1 + -12 + 17.
-6
What is 6 + (-1 - (-3 + 3)) - 2?
3
Evaluate -1 - -2 - (0 + -1).
2
What is 4 + 0 + 1 + 2 + -5?
2
What is -2 + 11 + (-4 - -4 - 2)?
7
What is 2 + (-2 - (6 - 2))?
-4
What is the value of -4 + -4 + (0 - (2 + -9))?
-1
What is 5 + 0 + 2 + -4?
3
Calculate (-12 - (-30 - -17)) + 2 + 0.
3
What is the value of (-4 - (11 + -11)) + 0?
-4
Evaluate 6 - (11 + 0) - 1.
-6
What is -4 + (-5 - (-14 - -3) - 3)?
-1
-1 + 3 + 0 + (-8 - -7)
1
17 - 29 - (-1 + -4)
-7
What is 0 + -1 + 4 + -1?
2
Calculate -6 + (-1 - (7 - 14)).
0
Evaluate -5 + 0 - (4 + -8).
-1
Evaluate 1 + (2 + 2 - (4 + -4)).
5
4 + 1 + -31 + 34 - 3
5
Evaluate (-12 - (-7 - 3)) + (7 - 2).
3
What is the value of 1 - (11 - 0) - (294 - 298)?
-6
Calculate 3 - 7 - (-3 - (-3 + 1)).
-3
What is -4 + 2 - (4 + 1 - 4)?
-3
Evaluate 3 - (1 - (-3 + (3 - 1))).
1
(3 - 5 - (-6 + 4)) + -5
-5
Evaluate 1 + (3 + -6 - 1).
-3
What is the value of 0 + -4 + -1 + (3 - -1)?
-1
What is -4 + 7 + -4 + 2 + 1?
2
-3 + 5 - 7 - -5
0
Evaluate -11 + -2 - (8 + 1 + -15).
-7
What is the value of 4 + -1 + -4 - -3?
2
What is 6 + 1 - (-8 + 4 + 6)?
5
Evaluate -13 + (10 - (1 + 2)).
-6
Calculate 9 + 5 + (1 - 10).
5
What is the value of (-5 - -1) + (8 - 12) - -2?
-6
(-2 - -1 - (-12 + 4)) + -1
6
What is the value of 8 + -5 - ((-4 - 3) + 2)?
8
Calculate 3 + -1 + 6 - 1.
7
Evaluate 0 + 11 - 13 - 3.
-5
-1 - ((-3 - (4 + -8)) + 1)
-3
(2 - -11) + -17 - (-2 - 1)
-1
What is the value of -3 - (-10 - -2) - 4?
1
Calculate -2 + 2 + -3 + (6 - 8).
-5
Evaluate 1 + -10 + (0 - -5).
-4
(-23 - -28) + -10 + 0
-5
What is -1 - 2 - (-11 - -7)?
1
Calculate 1 + -4 + (0 - -1).
-2
What is the value of 5 - 0 - (39 + -35)?
1
Calculate (-3 - (1 + -1) - 0) + 7.
4
Calculate -7 - -13 - (8 - -1).
-3
What is the value of 5 - (0 - -2) - 3?
0
Calculate 2 - (-3 - 1) - 1.
5
Calculate (1 - -4 - 1) + -5.
-1
What is (3 + -4 - (-2 + 1)) + 1?
1
What is the value of -4 - ((4 + 7 - 3) + -4)?
-8
What is the value of 4 + -9 + (2 + -1 - 0)?
-4
What is 6 + -8 - -1 - -5?
4
What is the value of 14 + -12 + 1 + -7?
-4
What is (-1 - 2 - 2) + 2?
-3
-19 + 8 + (7 - 1)
-5
What is (-5 - -1) + (4 - -1) - 6?
-5
Evaluate 1 + -1 - (1 + 1) - 2.
-4
Calculate -5 + (3 - 1) - (18 + -20).
-1
Calculate -4 + (0 - -3) + -3.
-4
Evaluate -7 - (-7 + 7 + -9).
2
Evaluate (-4 - (0 - 0)) + -12 + 15.
-1
What is the value of 8 - (3 - 1 - (-5 - -3))?
4
Evaluate 3 - (-2 + 9 - 4).
0
What is -4 - (-32 - -10 - -15)?
3
Calculate -4 - (3 + 1 - 12) - 1.
3
What is 0 + 5 + -7 + -3?
-5
What is (12 - 8) + -9 + 1 - -5?
1
Evaluate 3 + (5 - 9) + 4.
3
What is 6 - 2 - (2 - 4) - 4?
2
Calculate (-9 - -7) + 7 + -6.
-1
(-3 - (-7 - -10 - 13)) + -8
-1
Evaluate 4 - 0 - (22 + -17).
-1
What is -1 + 2 - (-2 + -3) - 3?
3
-27 + 29 - (-4 - 0)
6
Calculate -2 - (2 - 6) - (2 + 2).
-2
Calculate 4 + 5 + -16 + (2 - 0).
-5
Calculate 8 + -14 - (-2 + 0).
-4
3 + ((3 - -4) + -15 - -5)
0
12 + 6 + -11 + -6
1
3 + (0 - (1 - 2)) + -3
1
What is the value of (5 - (1 - -1)) + (1 - 0)?
4
What is -5 + (12 - (1 + 6))?
0
What is the value of 4 - -5 - (24 - 17)?
2
What is (4 - 2) + (6 + -4 - 4)?
0
Calculate 8 + -11 + (2 - -1).
0
What is the value of -2 + (-7 - (1 + -4 - 3))?
-3
2 - 6 - (-1 - 7)
4
Calculate 1 + (-4 - (0 - -2)).
-5
Calculate (-2 - 1) + 4 + 0.
1
What is the value of -4 - (-11 + 12 - -4)?
-9
What is the value of 0 - (-1 + (2 - 4))?
3
(1 - 4 - 1) + 4
0
What is the value of 1 + 0 + -1 + -3?
-3
What is 2 + (2 + 0 - 2) - 0?
2
Calculate (-3 - -2 - 7) + (1 - 1).
-8
What is the value of -7 + 10 + 3 + -7?
-1
What is 6 - (2 + 1) - 2 - 5?
-4
Evaluate (-5 - (-11 + 10)) + 11.
7
What is -3 + (2 - 0 - (3 - 0))?
-4
Calculate 3 + -7 + 1 - 2.
-5
Calculate 3 + (-3 - 1) + 6.
5
What is 8 - (15 + -1 + -8)?
2
Calculate -2 + (2 - 0 - 2).
-2
What is the value of -3 + -1 + -4 - -4?
-4
Evaluate (14 - 14) + -3 + 0.
-3
What is -1 + (-12 - (-4 + -2)) - 2?
-9
What